{"id":15,"date":"2023-05-10T13:22:15","date_gmt":"2023-05-10T11:22:15","guid":{"rendered":"https:\/\/carwash.glab.at\/?page_id=15"},"modified":"2025-09-10T15:22:43","modified_gmt":"2025-09-10T13:22:43","slug":"sb-waschplaetze","status":"publish","type":"page","link":"https:\/\/carwash.siems-klein.at\/?page_id=15","title":{"rendered":"SB-Waschpl\u00e4tze"},"content":{"rendered":"\n<p>Die Waschpl\u00e4tze&nbsp;Bubbles Bay&nbsp;erf\u00fcllen alle Kundenbed\u00fcrfnisse. Design und Technologie sind in einem hochgradig flexiblen und individuellgestaltbaren Produkt vereint.<\/p>\n\n\n\n<p>Mit der Wahl einer&nbsp;Bubbles Bay Anlage, garantieren Sie dem Kunden ein optimales Ergebnis bei der Pflege seines Autos, eine umfangreiche Programmauswahl und die M\u00f6glichkeit zur Verwendung von&nbsp;Active Mousse, ein exklusives patentiertes System zur Enfernung von hartn\u00e4ckigen Verschmutzungen.<\/p>\n\n\n\n<hr class=\"wp-block-separator has-alpha-channel-opacity\"\/>\n\n\n\n<figure class=\"wp-block-image size-large is-resized\"><img loading=\"lazy\" decoding=\"async\" src=\"https:\/\/carwash.glab.at\/wp-content\/uploads\/2023\/05\/S1-1024x718.jpg\" alt=\"\" class=\"wp-image-70\" width=\"1024\" height=\"718\" srcset=\"https:\/\/carwash.siems-klein.at\/wp-content\/uploads\/2023\/05\/S1-1024x718.jpg 1024w, https:\/\/carwash.siems-klein.at\/wp-content\/uploads\/2023\/05\/S1-300x210.jpg 300w, https:\/\/carwash.siems-klein.at\/wp-content\/uploads\/2023\/05\/S1-768x539.jpg 768w, https:\/\/carwash.siems-klein.at\/wp-content\/uploads\/2023\/05\/S1.jpg 1342w\" sizes=\"auto, (max-width: 1024px) 100vw, 1024px\" \/><\/figure>\n\n\n\n<figure class=\"wp-block-image size-large is-resized\"><img loading=\"lazy\" decoding=\"async\" src=\"https:\/\/carwash.glab.at\/wp-content\/uploads\/2023\/05\/S2-1024x718.jpg\" alt=\"\" class=\"wp-image-71\" width=\"1024\" height=\"718\" srcset=\"https:\/\/carwash.siems-klein.at\/wp-content\/uploads\/2023\/05\/S2-1024x718.jpg 1024w, https:\/\/carwash.siems-klein.at\/wp-content\/uploads\/2023\/05\/S2-300x210.jpg 300w, https:\/\/carwash.siems-klein.at\/wp-content\/uploads\/2023\/05\/S2-768x539.jpg 768w, https:\/\/carwash.siems-klein.at\/wp-content\/uploads\/2023\/05\/S2.jpg 1342w\" sizes=\"auto, (max-width: 1024px) 100vw, 1024px\" \/><\/figure>\n\n\n\n<figure class=\"wp-block-image size-large is-resized\"><img loading=\"lazy\" decoding=\"async\" src=\"https:\/\/carwash.glab.at\/wp-content\/uploads\/2023\/05\/S3-1024x718.jpg\" alt=\"\" class=\"wp-image-72\" width=\"1024\" height=\"718\" srcset=\"https:\/\/carwash.siems-klein.at\/wp-content\/uploads\/2023\/05\/S3-1024x718.jpg 1024w, https:\/\/carwash.siems-klein.at\/wp-content\/uploads\/2023\/05\/S3-300x210.jpg 300w, https:\/\/carwash.siems-klein.at\/wp-content\/uploads\/2023\/05\/S3-768x539.jpg 768w, https:\/\/carwash.siems-klein.at\/wp-content\/uploads\/2023\/05\/S3.jpg 1342w\" sizes=\"auto, (max-width: 1024px) 100vw, 1024px\" \/><\/figure>\n\n\n\n<figure class=\"wp-block-image size-large is-resized\"><img loading=\"lazy\" decoding=\"async\" src=\"https:\/\/carwash.glab.at\/wp-content\/uploads\/2023\/05\/S4-1024x718.jpg\" alt=\"\" class=\"wp-image-73\" width=\"1024\" height=\"718\" srcset=\"https:\/\/carwash.siems-klein.at\/wp-content\/uploads\/2023\/05\/S4-1024x718.jpg 1024w, https:\/\/carwash.siems-klein.at\/wp-content\/uploads\/2023\/05\/S4-300x210.jpg 300w, https:\/\/carwash.siems-klein.at\/wp-content\/uploads\/2023\/05\/S4-768x539.jpg 768w, https:\/\/carwash.siems-klein.at\/wp-content\/uploads\/2023\/05\/S4.jpg 1342w\" sizes=\"auto, (max-width: 1024px) 100vw, 1024px\" \/><\/figure>\n\n\n\n<figure class=\"wp-block-image size-large is-resized\"><img loading=\"lazy\" decoding=\"async\" src=\"https:\/\/carwash.glab.at\/wp-content\/uploads\/2023\/05\/S5-1024x718.jpg\" alt=\"\" class=\"wp-image-74\" width=\"1025\" height=\"719\" srcset=\"https:\/\/carwash.siems-klein.at\/wp-content\/uploads\/2023\/05\/S5-1024x718.jpg 1024w, https:\/\/carwash.siems-klein.at\/wp-content\/uploads\/2023\/05\/S5-300x210.jpg 300w, https:\/\/carwash.siems-klein.at\/wp-content\/uploads\/2023\/05\/S5-768x539.jpg 768w, https:\/\/carwash.siems-klein.at\/wp-content\/uploads\/2023\/05\/S5.jpg 1342w\" sizes=\"auto, (max-width: 1025px) 100vw, 1025px\" \/><\/figure>\n\n\n\n<figure class=\"wp-block-image size-large is-resized\"><img loading=\"lazy\" decoding=\"async\" src=\"https:\/\/carwash.glab.at\/wp-content\/uploads\/2023\/05\/S6-1024x718.jpg\" alt=\"\" class=\"wp-image-75\" width=\"1024\" height=\"718\" srcset=\"https:\/\/carwash.siems-klein.at\/wp-content\/uploads\/2023\/05\/S6-1024x718.jpg 1024w, https:\/\/carwash.siems-klein.at\/wp-content\/uploads\/2023\/05\/S6-300x210.jpg 300w, https:\/\/carwash.siems-klein.at\/wp-content\/uploads\/2023\/05\/S6-768x539.jpg 768w, https:\/\/carwash.siems-klein.at\/wp-content\/uploads\/2023\/05\/S6.jpg 1342w\" sizes=\"auto, (max-width: 1024px) 100vw, 1024px\" \/><\/figure>\n\n\n\n<figure class=\"wp-block-image size-large is-resized\"><img loading=\"lazy\" decoding=\"async\" src=\"https:\/\/carwash.glab.at\/wp-content\/uploads\/2023\/05\/S7-1024x718.jpg\" alt=\"\" class=\"wp-image-76\" width=\"1024\" height=\"718\" srcset=\"https:\/\/carwash.siems-klein.at\/wp-content\/uploads\/2023\/05\/S7-1024x718.jpg 1024w, https:\/\/carwash.siems-klein.at\/wp-content\/uploads\/2023\/05\/S7-300x210.jpg 300w, https:\/\/carwash.siems-klein.at\/wp-content\/uploads\/2023\/05\/S7-768x539.jpg 768w, https:\/\/carwash.siems-klein.at\/wp-content\/uploads\/2023\/05\/S7.jpg 1342w\" sizes=\"auto, (max-width: 1024px) 100vw, 1024px\" \/><\/figure>\n\n\n\n<p><a href=\"https:\/\/carwash.glab.at\/wp-content\/uploads\/2023\/05\/aquarama_catalogo_bubbles_bay_de-en_compressed.pdf\" data-type=\"attachment\" data-id=\"79\">Volle Information \u00fcber SB-Waschpl\u00e4tze von Aquarama<\/a><\/p>\n\n\n\n<p>Interesse geweckt? Informieren Sie sich unverbindlich bei uns.  <a href=\"https:\/\/carwash.glab.at\/?page_id=94\" data-type=\"page\" data-id=\"94\">Kontakt<\/a><\/p>\n","protected":false},"excerpt":{"rendered":"<p>Die Waschpl\u00e4tze&nbsp;Bubbles Bay&nbsp;erf\u00fcllen alle Kundenbed\u00fcrfnisse. Design und Technologie sind in einem hochgradig flexiblen und individuellgestaltbaren Produkt vereint. Mit der Wahl einer&nbsp;Bubbles Bay Anlage, garantieren Sie dem Kunden ein optimales Ergebnis bei der Pflege seines Autos, eine umfangreiche Programmauswahl und die M\u00f6glichkeit zur Verwendung von&nbsp;Active Mousse, ein exklusives patentiertes System zur Enfernung von hartn\u00e4ckigen Verschmutzungen. Volle [&hellip;]<\/p>\n","protected":false},"author":1,"featured_media":0,"parent":0,"menu_order":0,"comment_status":"closed","ping_status":"closed","template":"","meta":{"om_disable_all_campaigns":false,"_monsterinsights_skip_tracking":false,"_monsterinsights_sitenote_active":false,"_monsterinsights_sitenote_note":"","_monsterinsights_sitenote_category":0,"footnotes":""},"class_list":["post-15","page","type-page","status-publish","hentry"],"aioseo_notices":[],"_links":{"self":[{"href":"https:\/\/carwash.siems-klein.at\/index.php?rest_route=\/wp\/v2\/pages\/15","targetHints":{"allow":["GET"]}}],"collection":[{"href":"https:\/\/carwash.siems-klein.at\/index.php?rest_route=\/wp\/v2\/pages"}],"about":[{"href":"https:\/\/carwash.siems-klein.at\/index.php?rest_route=\/wp\/v2\/types\/page"}],"author":[{"embeddable":true,"href":"https:\/\/carwash.siems-klein.at\/index.php?rest_route=\/wp\/v2\/users\/1"}],"replies":[{"embeddable":true,"href":"https:\/\/carwash.siems-klein.at\/index.php?rest_route=%2Fwp%2Fv2%2Fcomments&post=15"}],"version-history":[{"count":5,"href":"https:\/\/carwash.siems-klein.at\/index.php?rest_route=\/wp\/v2\/pages\/15\/revisions"}],"predecessor-version":[{"id":116,"href":"https:\/\/carwash.siems-klein.at\/index.php?rest_route=\/wp\/v2\/pages\/15\/revisions\/116"}],"wp:attachment":[{"href":"https:\/\/carwash.siems-klein.at\/index.php?rest_route=%2Fwp%2Fv2%2Fmedia&parent=15"}],"curies":[{"name":"wp","href":"https:\/\/api.w.org\/{rel}","templated":true}]}}